{"id":43400,"date":"2022-02-01T13:51:08","date_gmt":"2022-02-01T12:51:08","guid":{"rendered":"https:\/\/hellasgarden.se\/?post_type=mec-events&#038;p=43400"},"modified":"2022-08-19T11:19:49","modified_gmt":"2022-08-19T09:19:49","slug":"hellasdagen-339","status":"publish","type":"mec-events","link":"https:\/\/hellasgarden.se\/zh\/events\/hellasdagen-339\/","title":{"rendered":"\u65b0\u7684\u63a5\u5f85\u548c\u6d3b\u52a8\u4e2d\u5fc3\u5f00\u5e55"},"content":{"rendered":"<p>09:00\uff0c\u6211\u4eec\u8fdb\u884c\u4e86\u526a\u5f69!<\/p>\n<p>\u7136\u540e\u6211\u4eec\u4e3e\u884c\u5f00\u653e\u65e5\uff0c\u76f4\u5230\u4e0b\u53485\u70b9\u3002<\/p>\n<p>\u6765\u548c\u6211\u4eec\u4e00\u8d77\u5e86\u795d\u5427\u3002<\/p>\n<p>\u6211\u4eec\u63d0\u4f9b\u70ed\u996e\u548c \"\u5bb6\u5ead\u70d8\u70e4\u98df\u54c1\"!<\/p>\n<p>&nbsp;<\/p>\n<p>&nbsp;<\/p>\n<p>&nbsp;<\/p>\n<p>&nbsp;<\/p>","protected":false},"excerpt":{"rendered":"<p>09:00\uff0c\u6211\u4eec\u8fdb\u884c\u4e86\u526a\u5f69!\u7136\u540e\u6211\u4eec\u5c06\u4e3e\u884c\u4e00\u4e2a\u5f00\u653e\u65e5\uff0c\u76f4\u5230\u4e0b\u53485\u70b9\u3002 \u6765\u548c\u6211\u4eec\u4e00\u8d77\u5e86\u795d\u3002\u6211\u4eec\u5c06\u63d0\u4f9b\u70ed\u996e\u548c \"\u5bb6\u5ead\u70d8\u70e4\"! &nbsp; &nbsp; &nbsp; &nbsp;<\/p>","protected":false},"author":1,"featured_media":43403,"comment_status":"closed","ping_status":"closed","template":"","format":"standard","tags":[],"mec_category":[16,7],"yoast_head":"<!-- This site is optimized with the Yoast SEO plugin v21.8.1 - https:\/\/yoast.com\/wordpress\/plugins\/seo\/ -->\n<title>Invigning av den nya receptionen och aktivitetscentret - Hellasg\u00e5rden<\/title>\n<meta name=\"robots\" content=\"index, follow, max-snippet:-1, max-image-preview:large, max-video-preview:-1\" \/>\n<link rel=\"canonical\" href=\"https:\/\/hellasgarden.se\/zh\/events\/hellasdagen-339\/\" \/>\n<meta property=\"og:locale\" content=\"zh_CN\" \/>\n<meta property=\"og:type\" content=\"article\" \/>\n<meta property=\"og:title\" content=\"Invigning av den nya receptionen och aktivitetscentret - Hellasg\u00e5rden\" \/>\n<meta property=\"og:description\" content=\"Klockan 09:00 klipper vi bandet! Sedan h\u00e5ller vi \u00f6ppet hus till kl 17. Kom och fira med oss. Vi bjuder p\u00e5 varm dryck och &#8221;hembakat&#8221;! &nbsp; &nbsp; &nbsp; &nbsp;\" \/>\n<meta property=\"og:url\" content=\"https:\/\/hellasgarden.se\/zh\/events\/hellasdagen-339\/\" \/>\n<meta property=\"og:site_name\" content=\"Hellasg\u00e5rden\" \/>\n<meta property=\"article:modified_time\" content=\"2022-08-19T09:19:49+00:00\" \/>\n<meta property=\"og:image\" content=\"https:\/\/hellasgarden.se\/wp-content\/uploads\/2022\/02\/hot-chocolate-3934788_1920.jpg\" \/>\n\t<meta property=\"og:image:width\" content=\"1280\" \/>\n\t<meta property=\"og:image:height\" content=\"1920\" \/>\n\t<meta property=\"og:image:type\" content=\"image\/jpeg\" \/>\n<meta name=\"twitter:card\" content=\"summary_large_image\" \/>\n<script type=\"application\/ld+json\" class=\"yoast-schema-graph\">{\"@context\":\"https:\/\/schema.org\",\"@graph\":[{\"@type\":\"WebPage\",\"@id\":\"https:\/\/hellasgarden.se\/ru\/events\/hellasdagen-339\/\",\"url\":\"https:\/\/hellasgarden.se\/ru\/events\/hellasdagen-339\/\",\"name\":\"Invigning av den nya receptionen och aktivitetscentret - Hellasg\u00e5rden\",\"isPartOf\":{\"@id\":\"https:\/\/hellasgarden.se\/#website\"},\"datePublished\":\"2022-02-01T12:51:08+00:00\",\"dateModified\":\"2022-08-19T09:19:49+00:00\",\"breadcrumb\":{\"@id\":\"https:\/\/hellasgarden.se\/ru\/events\/hellasdagen-339\/#breadcrumb\"},\"inLanguage\":\"zh-CN\",\"potentialAction\":[{\"@type\":\"ReadAction\",\"target\":[\"https:\/\/hellasgarden.se\/ru\/events\/hellasdagen-339\/\"]}]},{\"@type\":\"BreadcrumbList\",\"@id\":\"https:\/\/hellasgarden.se\/ru\/events\/hellasdagen-339\/#breadcrumb\",\"itemListElement\":[{\"@type\":\"ListItem\",\"position\":1,\"name\":\"Hem\",\"item\":\"https:\/\/hellasgarden.se\/\"},{\"@type\":\"ListItem\",\"position\":2,\"name\":\"\u00c9v\u00e9nements\",\"item\":\"https:\/\/hellasgarden.se\/fr\/events\/\"},{\"@type\":\"ListItem\",\"position\":3,\"name\":\"Invigning av den nya receptionen och aktivitetscentret\"}]},{\"@type\":\"WebSite\",\"@id\":\"https:\/\/hellasgarden.se\/#website\",\"url\":\"https:\/\/hellasgarden.se\/\",\"name\":\"Hellasg\u00e5rden\",\"description\":\"Din port till naturen\",\"potentialAction\":[{\"@type\":\"SearchAction\",\"target\":{\"@type\":\"EntryPoint\",\"urlTemplate\":\"https:\/\/hellasgarden.se\/?s={search_term_string}\"},\"query-input\":\"required name=search_term_string\"}],\"inLanguage\":\"zh-CN\"}]}<\/script>\n<!-- \/ Yoast SEO plugin. -->","yoast_head_json":{"title":"Invigning av den nya receptionen och aktivitetscentret - Hellasg\u00e5rden","robots":{"index":"index","follow":"follow","max-snippet":"max-snippet:-1","max-image-preview":"max-image-preview:large","max-video-preview":"max-video-preview:-1"},"canonical":"https:\/\/hellasgarden.se\/zh\/events\/hellasdagen-339\/","og_locale":"zh_CN","og_type":"article","og_title":"Invigning av den nya receptionen och aktivitetscentret - Hellasg\u00e5rden","og_description":"Klockan 09:00 klipper vi bandet! Sedan h\u00e5ller vi \u00f6ppet hus till kl 17. Kom och fira med oss. Vi bjuder p\u00e5 varm dryck och &#8221;hembakat&#8221;! &nbsp; &nbsp; &nbsp; &nbsp;","og_url":"https:\/\/hellasgarden.se\/zh\/events\/hellasdagen-339\/","og_site_name":"Hellasg\u00e5rden","article_modified_time":"2022-08-19T09:19:49+00:00","og_image":[{"width":1280,"height":1920,"url":"https:\/\/hellasgarden.se\/wp-content\/uploads\/2022\/02\/hot-chocolate-3934788_1920.jpg","type":"image\/jpeg"}],"twitter_card":"summary_large_image","schema":{"@context":"https:\/\/schema.org","@graph":[{"@type":"WebPage","@id":"https:\/\/hellasgarden.se\/ru\/events\/hellasdagen-339\/","url":"https:\/\/hellasgarden.se\/ru\/events\/hellasdagen-339\/","name":"Invigning av den nya receptionen och aktivitetscentret - Hellasg\u00e5rden","isPartOf":{"@id":"https:\/\/hellasgarden.se\/#website"},"datePublished":"2022-02-01T12:51:08+00:00","dateModified":"2022-08-19T09:19:49+00:00","breadcrumb":{"@id":"https:\/\/hellasgarden.se\/ru\/events\/hellasdagen-339\/#breadcrumb"},"inLanguage":"zh-CN","potentialAction":[{"@type":"ReadAction","target":["https:\/\/hellasgarden.se\/ru\/events\/hellasdagen-339\/"]}]},{"@type":"BreadcrumbList","@id":"https:\/\/hellasgarden.se\/ru\/events\/hellasdagen-339\/#breadcrumb","itemListElement":[{"@type":"ListItem","position":1,"name":"Hem","item":"https:\/\/hellasgarden.se\/"},{"@type":"ListItem","position":2,"name":"\u00c9v\u00e9nements","item":"https:\/\/hellasgarden.se\/fr\/events\/"},{"@type":"ListItem","position":3,"name":"Invigning av den nya receptionen och aktivitetscentret"}]},{"@type":"WebSite","@id":"https:\/\/hellasgarden.se\/#website","url":"https:\/\/hellasgarden.se\/","name":"Hellasg\u00e5rden","description":"Din port till naturen","potentialAction":[{"@type":"SearchAction","target":{"@type":"EntryPoint","urlTemplate":"https:\/\/hellasgarden.se\/?s={search_term_string}"},"query-input":"required name=search_term_string"}],"inLanguage":"zh-CN"}]}},"_links":{"self":[{"href":"https:\/\/hellasgarden.se\/zh\/wp-json\/wp\/v2\/mec-events\/43400"}],"collection":[{"href":"https:\/\/hellasgarden.se\/zh\/wp-json\/wp\/v2\/mec-events"}],"about":[{"href":"https:\/\/hellasgarden.se\/zh\/wp-json\/wp\/v2\/types\/mec-events"}],"author":[{"embeddable":true,"href":"https:\/\/hellasgarden.se\/zh\/wp-json\/wp\/v2\/users\/1"}],"replies":[{"embeddable":true,"href":"https:\/\/hellasgarden.se\/zh\/wp-json\/wp\/v2\/comments?post=43400"}],"wp:featuredmedia":[{"embeddable":true,"href":"https:\/\/hellasgarden.se\/zh\/wp-json\/wp\/v2\/media\/43403"}],"wp:attachment":[{"href":"https:\/\/hellasgarden.se\/zh\/wp-json\/wp\/v2\/media?parent=43400"}],"wp:term":[{"taxonomy":"post_tag","embeddable":true,"href":"https:\/\/hellasgarden.se\/zh\/wp-json\/wp\/v2\/tags?post=43400"},{"taxonomy":"mec_category","embeddable":true,"href":"https:\/\/hellasgarden.se\/zh\/wp-json\/wp\/v2\/mec_category?post=43400"}],"curies":[{"name":"wp","href":"https:\/\/api.w.org\/{rel}","templated":true}]}}

新的接待和活动中心开幕

<p>09:00，我们进行了剪彩!</p>
<p>然后我们举行开放日，直到下午5点。</p>
<p>来和我们一起庆祝吧。</p>
<p>我们提供热饮和 "家庭烘烤食品"!</p>
<p>&nbsp;</p>
<p>&nbsp;</p>
<p>&nbsp;</p>
<p>&nbsp;</p>

<p>09:00，我们进行了剪彩!然后我们将举行一个开放日，直到下午5点。 来和我们一起庆祝。我们将提供热饮和 "家庭烘烤"! &nbsp; &nbsp; &nbsp; &nbsp;</p>

<!-- This site is optimized with the Yoast SEO plugin v21.8.1 - https://yoast.com/wordpress/plugins/seo/ -->
<title>Invigning av den nya receptionen och aktivitetscentret - Hellasgården</title>
<meta name="robots" content="index, follow, max-snippet:-1, max-image-preview:large, max-video-preview:-1" />
<link rel="canonical" href="https://hellasgarden.se/zh/events/hellasdagen-339/" />
<meta property="og:locale" content="zh_CN" />
<meta property="og:type" content="article" />
<meta property="og:title" content="Invigning av den nya receptionen och aktivitetscentret - Hellasgården" />
<meta property="og:description" content="Klockan 09:00 klipper vi bandet! Sedan håller vi öppet hus till kl 17. Kom och fira med oss. Vi bjuder på varm dryck och &#8221;hembakat&#8221;! &nbsp; &nbsp; &nbsp; &nbsp;" />
<meta property="og:url" content="https://hellasgarden.se/zh/events/hellasdagen-339/" />
<meta property="og:site_name" content="Hellasgården" />
<meta property="article:modified_time" content="2022-08-19T09:19:49+00:00" />
<meta property="og:image" content="https://hellasgarden.se/wp-content/uploads/2022/02/hot-chocolate-3934788_1920.jpg" />
	<meta property="og:image:width" content="1280" />
	<meta property="og:image:height" content="1920" />
	<meta property="og:image:type" content="image/jpeg" />
<meta name="twitter:card" content="summary_large_image" />
<script type="application/ld+json" class="yoast-schema-graph">{"@context":"https://schema.org","@graph":[{"@type":"WebPage","@id":"https://hellasgarden.se/ru/events/hellasdagen-339/","url":"https://hellasgarden.se/ru/events/hellasdagen-339/","name":"Invigning av den nya receptionen och aktivitetscentret - Hellasgården","isPartOf":{"@id":"https://hellasgarden.se/#website"},"datePublished":"2022-02-01T12:51:08+00:00","dateModified":"2022-08-19T09:19:49+00:00","breadcrumb":{"@id":"https://hellasgarden.se/ru/events/hellasdagen-339/#breadcrumb"},"inLanguage":"zh-CN","potentialAction":[{"@type":"ReadAction","target":["https://hellasgarden.se/ru/events/hellasdagen-339/"]}]},{"@type":"BreadcrumbList","@id":"https://hellasgarden.se/ru/events/hellasdagen-339/#breadcrumb","itemListElement":[{"@type":"ListItem","position":1,"name":"Hem","item":"https://hellasgarden.se/"},{"@type":"ListItem","position":2,"name":"Événements","item":"https://hellasgarden.se/fr/events/"},{"@type":"ListItem","position":3,"name":"Invigning av den nya receptionen och aktivitetscentret"}]},{"@type":"WebSite","@id":"https://hellasgarden.se/#website","url":"https://hellasgarden.se/","name":"Hellasgården","description":"Din port till naturen","potentialAction":[{"@type":"SearchAction","target":{"@type":"EntryPoint","urlTemplate":"https://hellasgarden.se/?s={search_term_string}"},"query-input":"required name=search_term_string"}],"inLanguage":"zh-CN"}]}</script>
<!-- / Yoast SEO plugin. -->

Invigning av den nya receptionen och aktivitetscentret - Hellasgården

Klockan 09:00 klipper vi bandet! Sedan håller vi öppet hus till kl 17. Kom och fira med oss. Vi bjuder på varm dryck och &#8221;hembakat&#8221;! &nbsp; &nbsp; &nbsp; &nbsp;

Hellasgården

Événements
