{"id":45975,"date":"2024-11-11T12:39:35","date_gmt":"2024-11-11T11:39:35","guid":{"rendered":"https:\/\/hellasgarden.se\/?post_type=mec-events&#038;p=45975"},"modified":"2024-11-11T12:39:35","modified_gmt":"2024-11-11T11:39:35","slug":"forsta-advent","status":"publish","type":"mec-events","link":"https:\/\/hellasgarden.se\/fr\/events\/forsta-advent\/","title":{"rendered":"Premier jour de l'Avent !"},"content":{"rendered":"<p>Le 1er d\u00e9cembre est le premier jour de l'Avent et nous, \u00e0 Hellasg\u00e5rden, aimerions vous inviter \u00e0 passer cette journ\u00e9e avec nous. Amenez votre famille et vos amis dans la nature, profitez du temps hivernal et prenez un caf\u00e9 ou une tasse de chocolat chaud dans notre caf\u00e9 du lac.<\/p>","protected":false},"excerpt":{"rendered":"<p>Le 1er d\u00e9cembre est le premier jour de l'Avent et nous, \u00e0 Hellasg\u00e5rden, aimerions vous inviter \u00e0 passer cette journ\u00e9e avec nous. Amenez votre famille et vos amis pour nous rejoindre dans la nature et ... <\/p>\n<div><a href=\"https:\/\/hellasgarden.se\/fr\/events\/forsta-advent\/\" class=\"more-link\">Lire la suite<\/a><\/div>","protected":false},"author":1,"featured_media":45976,"comment_status":"closed","ping_status":"closed","template":"","format":"standard","tags":[],"mec_category":[7],"yoast_head":"<!-- This site is optimized with the Yoast SEO plugin v21.8.1 - https:\/\/yoast.com\/wordpress\/plugins\/seo\/ -->\n<title>F\u00f6rsta advent! - Hellasg\u00e5rden<\/title>\n<meta name=\"robots\" content=\"index, follow, max-snippet:-1, max-image-preview:large, max-video-preview:-1\" \/>\n<link rel=\"canonical\" href=\"https:\/\/hellasgarden.se\/fr\/events\/forsta-advent\/\" \/>\n<meta property=\"og:locale\" content=\"fr_FR\" \/>\n<meta property=\"og:type\" content=\"article\" \/>\n<meta property=\"og:title\" content=\"F\u00f6rsta advent! - Hellasg\u00e5rden\" \/>\n<meta property=\"og:description\" content=\"1 december \u00e4r det f\u00f6rsta advent och vi p\u00e5 hellasg\u00e5rden vill v\u00e4lkomna dig till att tillbringa den dagen med oss. Ta med familj och v\u00e4nner till oss i naturen och ... Read More\" \/>\n<meta property=\"og:url\" content=\"https:\/\/hellasgarden.se\/fr\/events\/forsta-advent\/\" \/>\n<meta property=\"og:site_name\" content=\"Hellasg\u00e5rden\" \/>\n<meta property=\"og:image\" content=\"https:\/\/hellasgarden.se\/wp-content\/uploads\/2024\/11\/forsta-advent.webp\" \/>\n\t<meta property=\"og:image:width\" content=\"1280\" \/>\n\t<meta property=\"og:image:height\" content=\"996\" \/>\n\t<meta property=\"og:image:type\" content=\"image\/webp\" \/>\n<meta name=\"twitter:card\" content=\"summary_large_image\" \/>\n<meta name=\"twitter:label1\" content=\"Dur\u00e9e de lecture estim\u00e9e\" \/>\n\t<meta name=\"twitter:data1\" content=\"1 minute\" \/>\n<script type=\"application\/ld+json\" class=\"yoast-schema-graph\">{\"@context\":\"https:\/\/schema.org\",\"@graph\":[{\"@type\":\"WebPage\",\"@id\":\"https:\/\/hellasgarden.se\/events\/forsta-advent\/\",\"url\":\"https:\/\/hellasgarden.se\/events\/forsta-advent\/\",\"name\":\"F\u00f6rsta advent! - Hellasg\u00e5rden\",\"isPartOf\":{\"@id\":\"https:\/\/hellasgarden.se\/#website\"},\"datePublished\":\"2024-11-11T11:39:35+00:00\",\"dateModified\":\"2024-11-11T11:39:35+00:00\",\"breadcrumb\":{\"@id\":\"https:\/\/hellasgarden.se\/events\/forsta-advent\/#breadcrumb\"},\"inLanguage\":\"fr-FR\",\"potentialAction\":[{\"@type\":\"ReadAction\",\"target\":[\"https:\/\/hellasgarden.se\/events\/forsta-advent\/\"]}]},{\"@type\":\"BreadcrumbList\",\"@id\":\"https:\/\/hellasgarden.se\/events\/forsta-advent\/#breadcrumb\",\"itemListElement\":[{\"@type\":\"ListItem\",\"position\":1,\"name\":\"Hem\",\"item\":\"https:\/\/hellasgarden.se\/\"},{\"@type\":\"ListItem\",\"position\":2,\"name\":\"\u00c9v\u00e9nements\",\"item\":\"https:\/\/hellasgarden.se\/fr\/events\/\"},{\"@type\":\"ListItem\",\"position\":3,\"name\":\"F\u00f6rsta advent!\"}]},{\"@type\":\"WebSite\",\"@id\":\"https:\/\/hellasgarden.se\/#website\",\"url\":\"https:\/\/hellasgarden.se\/\",\"name\":\"Hellasg\u00e5rden\",\"description\":\"Din port till naturen\",\"potentialAction\":[{\"@type\":\"SearchAction\",\"target\":{\"@type\":\"EntryPoint\",\"urlTemplate\":\"https:\/\/hellasgarden.se\/?s={search_term_string}\"},\"query-input\":\"required name=search_term_string\"}],\"inLanguage\":\"fr-FR\"}]}<\/script>\n<!-- \/ Yoast SEO plugin. -->","yoast_head_json":{"title":"F\u00f6rsta advent! - Hellasg\u00e5rden","robots":{"index":"index","follow":"follow","max-snippet":"max-snippet:-1","max-image-preview":"max-image-preview:large","max-video-preview":"max-video-preview:-1"},"canonical":"https:\/\/hellasgarden.se\/fr\/events\/forsta-advent\/","og_locale":"fr_FR","og_type":"article","og_title":"F\u00f6rsta advent! - Hellasg\u00e5rden","og_description":"1 december \u00e4r det f\u00f6rsta advent och vi p\u00e5 hellasg\u00e5rden vill v\u00e4lkomna dig till att tillbringa den dagen med oss. Ta med familj och v\u00e4nner till oss i naturen och ... Read More","og_url":"https:\/\/hellasgarden.se\/fr\/events\/forsta-advent\/","og_site_name":"Hellasg\u00e5rden","og_image":[{"width":1280,"height":996,"url":"https:\/\/hellasgarden.se\/wp-content\/uploads\/2024\/11\/forsta-advent.webp","type":"image\/webp"}],"twitter_card":"summary_large_image","twitter_misc":{"Dur\u00e9e de lecture estim\u00e9e":"1 minute"},"schema":{"@context":"https:\/\/schema.org","@graph":[{"@type":"WebPage","@id":"https:\/\/hellasgarden.se\/events\/forsta-advent\/","url":"https:\/\/hellasgarden.se\/events\/forsta-advent\/","name":"F\u00f6rsta advent! - Hellasg\u00e5rden","isPartOf":{"@id":"https:\/\/hellasgarden.se\/#website"},"datePublished":"2024-11-11T11:39:35+00:00","dateModified":"2024-11-11T11:39:35+00:00","breadcrumb":{"@id":"https:\/\/hellasgarden.se\/events\/forsta-advent\/#breadcrumb"},"inLanguage":"fr-FR","potentialAction":[{"@type":"ReadAction","target":["https:\/\/hellasgarden.se\/events\/forsta-advent\/"]}]},{"@type":"BreadcrumbList","@id":"https:\/\/hellasgarden.se\/events\/forsta-advent\/#breadcrumb","itemListElement":[{"@type":"ListItem","position":1,"name":"Hem","item":"https:\/\/hellasgarden.se\/"},{"@type":"ListItem","position":2,"name":"\u00c9v\u00e9nements","item":"https:\/\/hellasgarden.se\/fr\/events\/"},{"@type":"ListItem","position":3,"name":"F\u00f6rsta advent!"}]},{"@type":"WebSite","@id":"https:\/\/hellasgarden.se\/#website","url":"https:\/\/hellasgarden.se\/","name":"Hellasg\u00e5rden","description":"Din port till naturen","potentialAction":[{"@type":"SearchAction","target":{"@type":"EntryPoint","urlTemplate":"https:\/\/hellasgarden.se\/?s={search_term_string}"},"query-input":"required name=search_term_string"}],"inLanguage":"fr-FR"}]}},"_links":{"self":[{"href":"https:\/\/hellasgarden.se\/fr\/wp-json\/wp\/v2\/mec-events\/45975"}],"collection":[{"href":"https:\/\/hellasgarden.se\/fr\/wp-json\/wp\/v2\/mec-events"}],"about":[{"href":"https:\/\/hellasgarden.se\/fr\/wp-json\/wp\/v2\/types\/mec-events"}],"author":[{"embeddable":true,"href":"https:\/\/hellasgarden.se\/fr\/wp-json\/wp\/v2\/users\/1"}],"replies":[{"embeddable":true,"href":"https:\/\/hellasgarden.se\/fr\/wp-json\/wp\/v2\/comments?post=45975"}],"wp:featuredmedia":[{"embeddable":true,"href":"https:\/\/hellasgarden.se\/fr\/wp-json\/wp\/v2\/media\/45976"}],"wp:attachment":[{"href":"https:\/\/hellasgarden.se\/fr\/wp-json\/wp\/v2\/media?parent=45975"}],"wp:term":[{"taxonomy":"post_tag","embeddable":true,"href":"https:\/\/hellasgarden.se\/fr\/wp-json\/wp\/v2\/tags?post=45975"},{"taxonomy":"mec_category","embeddable":true,"href":"https:\/\/hellasgarden.se\/fr\/wp-json\/wp\/v2\/mec_category?post=45975"}],"curies":[{"name":"wp","href":"https:\/\/api.w.org\/{rel}","templated":true}]}}

<p>Le 1er décembre est le premier jour de l'Avent et nous, à Hellasgården, aimerions vous inviter à passer cette journée avec nous. Amenez votre famille et vos amis dans la nature, profitez du temps hivernal et prenez un café ou une tasse de chocolat chaud dans notre café du lac.</p>

<p>Le 1er décembre est le premier jour de l'Avent et nous, à Hellasgården, aimerions vous inviter à passer cette journée avec nous. Amenez votre famille et vos amis pour nous rejoindre dans la nature et ... </p>
<div><a href="https://hellasgarden.se/fr/events/forsta-advent/" class="more-link">Lire la suite</a></div>

<!-- This site is optimized with the Yoast SEO plugin v21.8.1 - https://yoast.com/wordpress/plugins/seo/ -->
<title>Första advent! - Hellasgården</title>
<meta name="robots" content="index, follow, max-snippet:-1, max-image-preview:large, max-video-preview:-1" />
<link rel="canonical" href="https://hellasgarden.se/fr/events/forsta-advent/" />
<meta property="og:locale" content="fr_FR" />
<meta property="og:type" content="article" />
<meta property="og:title" content="Första advent! - Hellasgården" />
<meta property="og:description" content="1 december är det första advent och vi på hellasgården vill välkomna dig till att tillbringa den dagen med oss. Ta med familj och vänner till oss i naturen och ... Read More" />
<meta property="og:url" content="https://hellasgarden.se/fr/events/forsta-advent/" />
<meta property="og:site_name" content="Hellasgården" />
<meta property="og:image" content="https://hellasgarden.se/wp-content/uploads/2024/11/forsta-advent.webp" />
	<meta property="og:image:width" content="1280" />
	<meta property="og:image:height" content="996" />
	<meta property="og:image:type" content="image/webp" />
<meta name="twitter:card" content="summary_large_image" />
<meta name="twitter:label1" content="Durée de lecture estimée" />
	<meta name="twitter:data1" content="1 minute" />
<script type="application/ld+json" class="yoast-schema-graph">{"@context":"https://schema.org","@graph":[{"@type":"WebPage","@id":"https://hellasgarden.se/events/forsta-advent/","url":"https://hellasgarden.se/events/forsta-advent/","name":"Första advent! - Hellasgården","isPartOf":{"@id":"https://hellasgarden.se/#website"},"datePublished":"2024-11-11T11:39:35+00:00","dateModified":"2024-11-11T11:39:35+00:00","breadcrumb":{"@id":"https://hellasgarden.se/events/forsta-advent/#breadcrumb"},"inLanguage":"fr-FR","potentialAction":[{"@type":"ReadAction","target":["https://hellasgarden.se/events/forsta-advent/"]}]},{"@type":"BreadcrumbList","@id":"https://hellasgarden.se/events/forsta-advent/#breadcrumb","itemListElement":[{"@type":"ListItem","position":1,"name":"Hem","item":"https://hellasgarden.se/"},{"@type":"ListItem","position":2,"name":"Événements","item":"https://hellasgarden.se/fr/events/"},{"@type":"ListItem","position":3,"name":"Första advent!"}]},{"@type":"WebSite","@id":"https://hellasgarden.se/#website","url":"https://hellasgarden.se/","name":"Hellasgården","description":"Din port till naturen","potentialAction":[{"@type":"SearchAction","target":{"@type":"EntryPoint","urlTemplate":"https://hellasgarden.se/?s={search_term_string}"},"query-input":"required name=search_term_string"}],"inLanguage":"fr-FR"}]}</script>
<!-- / Yoast SEO plugin. -->

Första advent! - Hellasgården

1 december är det första advent och vi på hellasgården vill välkomna dig till att tillbringa den dagen med oss. Ta med familj och vänner till oss i naturen och ... Read More

Hellasgården

Événements

Första advent!
