{"id":45979,"date":"2024-11-11T13:37:10","date_gmt":"2024-11-11T12:37:10","guid":{"rendered":"https:\/\/hellasgarden.se\/?post_type=mec-events&#038;p=45979"},"modified":"2024-12-13T11:18:42","modified_gmt":"2024-12-13T10:18:42","slug":"fjarde-advent","status":"publish","type":"mec-events","link":"https:\/\/hellasgarden.se\/en\/events\/fjarde-advent\/","title":{"rendered":"Fourth Advent!"},"content":{"rendered":"<p>22 December is the fourth day of Advent and we at hellasg\u00e5rden would like to welcome you to spend that day with us. Bring your family and friends to us in nature and enjoy the winter weather and have a coffee or a cup of hot chocolate in our lake caf\u00e9.<\/p>","protected":false},"excerpt":{"rendered":"<p>22 December is the fourth day of Advent and we at hellasg\u00e5rden would like to welcome you to spend that day with us. Bring your family and friends to join us in nature and ... <\/p>\n<div><a href=\"https:\/\/hellasgarden.se\/en\/events\/fjarde-advent\/\" class=\"more-link\">Read More<\/a><\/div>","protected":false},"author":1,"featured_media":45976,"comment_status":"closed","ping_status":"closed","template":"","format":"standard","tags":[],"mec_category":[7],"yoast_head":"<!-- This site is optimized with the Yoast SEO plugin v21.8.1 - https:\/\/yoast.com\/wordpress\/plugins\/seo\/ -->\n<title>Fj\u00e4rde advent! - Hellasg\u00e5rden<\/title>\n<meta name=\"robots\" content=\"index, follow, max-snippet:-1, max-image-preview:large, max-video-preview:-1\" \/>\n<link rel=\"canonical\" href=\"https:\/\/hellasgarden.se\/en\/events\/fjarde-advent\/\" \/>\n<meta property=\"og:locale\" content=\"en_GB\" \/>\n<meta property=\"og:type\" content=\"article\" \/>\n<meta property=\"og:title\" content=\"Fj\u00e4rde advent! - Hellasg\u00e5rden\" \/>\n<meta property=\"og:description\" content=\"22 december \u00e4r det fj\u00e4rde advent och vi p\u00e5 hellasg\u00e5rden vill v\u00e4lkomna dig till att tillbringa den dagen med oss. Ta med familj och v\u00e4nner till oss i naturen och ... Read More\" \/>\n<meta property=\"og:url\" content=\"https:\/\/hellasgarden.se\/en\/events\/fjarde-advent\/\" \/>\n<meta property=\"og:site_name\" content=\"Hellasg\u00e5rden\" \/>\n<meta property=\"article:modified_time\" content=\"2024-12-13T10:18:42+00:00\" \/>\n<meta property=\"og:image\" content=\"https:\/\/hellasgarden.se\/wp-content\/uploads\/2024\/11\/forsta-advent.webp\" \/>\n\t<meta property=\"og:image:width\" content=\"1280\" \/>\n\t<meta property=\"og:image:height\" content=\"996\" \/>\n\t<meta property=\"og:image:type\" content=\"image\/webp\" \/>\n<meta name=\"twitter:card\" content=\"summary_large_image\" \/>\n<meta name=\"twitter:label1\" content=\"Estimated reading time\" \/>\n\t<meta name=\"twitter:data1\" content=\"1 minute\" \/>\n<script type=\"application\/ld+json\" class=\"yoast-schema-graph\">{\"@context\":\"https:\/\/schema.org\",\"@graph\":[{\"@type\":\"WebPage\",\"@id\":\"https:\/\/hellasgarden.se\/events\/fjarde-advent\/\",\"url\":\"https:\/\/hellasgarden.se\/events\/fjarde-advent\/\",\"name\":\"Fj\u00e4rde advent! - Hellasg\u00e5rden\",\"isPartOf\":{\"@id\":\"https:\/\/hellasgarden.se\/#website\"},\"datePublished\":\"2024-11-11T12:37:10+00:00\",\"dateModified\":\"2024-12-13T10:18:42+00:00\",\"breadcrumb\":{\"@id\":\"https:\/\/hellasgarden.se\/events\/fjarde-advent\/#breadcrumb\"},\"inLanguage\":\"en-GB\",\"potentialAction\":[{\"@type\":\"ReadAction\",\"target\":[\"https:\/\/hellasgarden.se\/events\/fjarde-advent\/\"]}]},{\"@type\":\"BreadcrumbList\",\"@id\":\"https:\/\/hellasgarden.se\/events\/fjarde-advent\/#breadcrumb\",\"itemListElement\":[{\"@type\":\"ListItem\",\"position\":1,\"name\":\"Hem\",\"item\":\"https:\/\/hellasgarden.se\/\"},{\"@type\":\"ListItem\",\"position\":2,\"name\":\"\u00c9v\u00e9nements\",\"item\":\"https:\/\/hellasgarden.se\/fr\/events\/\"},{\"@type\":\"ListItem\",\"position\":3,\"name\":\"Fj\u00e4rde advent!\"}]},{\"@type\":\"WebSite\",\"@id\":\"https:\/\/hellasgarden.se\/#website\",\"url\":\"https:\/\/hellasgarden.se\/\",\"name\":\"Hellasg\u00e5rden\",\"description\":\"Din port till naturen\",\"potentialAction\":[{\"@type\":\"SearchAction\",\"target\":{\"@type\":\"EntryPoint\",\"urlTemplate\":\"https:\/\/hellasgarden.se\/?s={search_term_string}\"},\"query-input\":\"required name=search_term_string\"}],\"inLanguage\":\"en-GB\"}]}<\/script>\n<!-- \/ Yoast SEO plugin. -->","yoast_head_json":{"title":"Fj\u00e4rde advent! - Hellasg\u00e5rden","robots":{"index":"index","follow":"follow","max-snippet":"max-snippet:-1","max-image-preview":"max-image-preview:large","max-video-preview":"max-video-preview:-1"},"canonical":"https:\/\/hellasgarden.se\/en\/events\/fjarde-advent\/","og_locale":"en_GB","og_type":"article","og_title":"Fj\u00e4rde advent! - Hellasg\u00e5rden","og_description":"22 december \u00e4r det fj\u00e4rde advent och vi p\u00e5 hellasg\u00e5rden vill v\u00e4lkomna dig till att tillbringa den dagen med oss. Ta med familj och v\u00e4nner till oss i naturen och ... Read More","og_url":"https:\/\/hellasgarden.se\/en\/events\/fjarde-advent\/","og_site_name":"Hellasg\u00e5rden","article_modified_time":"2024-12-13T10:18:42+00:00","og_image":[{"width":1280,"height":996,"url":"https:\/\/hellasgarden.se\/wp-content\/uploads\/2024\/11\/forsta-advent.webp","type":"image\/webp"}],"twitter_card":"summary_large_image","twitter_misc":{"Estimated reading time":"1 minute"},"schema":{"@context":"https:\/\/schema.org","@graph":[{"@type":"WebPage","@id":"https:\/\/hellasgarden.se\/events\/fjarde-advent\/","url":"https:\/\/hellasgarden.se\/events\/fjarde-advent\/","name":"Fj\u00e4rde advent! - Hellasg\u00e5rden","isPartOf":{"@id":"https:\/\/hellasgarden.se\/#website"},"datePublished":"2024-11-11T12:37:10+00:00","dateModified":"2024-12-13T10:18:42+00:00","breadcrumb":{"@id":"https:\/\/hellasgarden.se\/events\/fjarde-advent\/#breadcrumb"},"inLanguage":"en-GB","potentialAction":[{"@type":"ReadAction","target":["https:\/\/hellasgarden.se\/events\/fjarde-advent\/"]}]},{"@type":"BreadcrumbList","@id":"https:\/\/hellasgarden.se\/events\/fjarde-advent\/#breadcrumb","itemListElement":[{"@type":"ListItem","position":1,"name":"Hem","item":"https:\/\/hellasgarden.se\/"},{"@type":"ListItem","position":2,"name":"\u00c9v\u00e9nements","item":"https:\/\/hellasgarden.se\/fr\/events\/"},{"@type":"ListItem","position":3,"name":"Fj\u00e4rde advent!"}]},{"@type":"WebSite","@id":"https:\/\/hellasgarden.se\/#website","url":"https:\/\/hellasgarden.se\/","name":"Hellasg\u00e5rden","description":"Din port till naturen","potentialAction":[{"@type":"SearchAction","target":{"@type":"EntryPoint","urlTemplate":"https:\/\/hellasgarden.se\/?s={search_term_string}"},"query-input":"required name=search_term_string"}],"inLanguage":"en-GB"}]}},"_links":{"self":[{"href":"https:\/\/hellasgarden.se\/en\/wp-json\/wp\/v2\/mec-events\/45979"}],"collection":[{"href":"https:\/\/hellasgarden.se\/en\/wp-json\/wp\/v2\/mec-events"}],"about":[{"href":"https:\/\/hellasgarden.se\/en\/wp-json\/wp\/v2\/types\/mec-events"}],"author":[{"embeddable":true,"href":"https:\/\/hellasgarden.se\/en\/wp-json\/wp\/v2\/users\/1"}],"replies":[{"embeddable":true,"href":"https:\/\/hellasgarden.se\/en\/wp-json\/wp\/v2\/comments?post=45979"}],"wp:featuredmedia":[{"embeddable":true,"href":"https:\/\/hellasgarden.se\/en\/wp-json\/wp\/v2\/media\/45976"}],"wp:attachment":[{"href":"https:\/\/hellasgarden.se\/en\/wp-json\/wp\/v2\/media?parent=45979"}],"wp:term":[{"taxonomy":"post_tag","embeddable":true,"href":"https:\/\/hellasgarden.se\/en\/wp-json\/wp\/v2\/tags?post=45979"},{"taxonomy":"mec_category","embeddable":true,"href":"https:\/\/hellasgarden.se\/en\/wp-json\/wp\/v2\/mec_category?post=45979"}],"curies":[{"name":"wp","href":"https:\/\/api.w.org\/{rel}","templated":true}]}}

<p>22 December is the fourth day of Advent and we at hellasgården would like to welcome you to spend that day with us. Bring your family and friends to us in nature and enjoy the winter weather and have a coffee or a cup of hot chocolate in our lake café.</p>

<p>22 December is the fourth day of Advent and we at hellasgården would like to welcome you to spend that day with us. Bring your family and friends to join us in nature and ... </p>
<div><a href="https://hellasgarden.se/en/events/fjarde-advent/" class="more-link">Read More</a></div>

<!-- This site is optimized with the Yoast SEO plugin v21.8.1 - https://yoast.com/wordpress/plugins/seo/ -->
<title>Fjärde advent! - Hellasgården</title>
<meta name="robots" content="index, follow, max-snippet:-1, max-image-preview:large, max-video-preview:-1" />
<link rel="canonical" href="https://hellasgarden.se/en/events/fjarde-advent/" />
<meta property="og:locale" content="en_GB" />
<meta property="og:type" content="article" />
<meta property="og:title" content="Fjärde advent! - Hellasgården" />
<meta property="og:description" content="22 december är det fjärde advent och vi på hellasgården vill välkomna dig till att tillbringa den dagen med oss. Ta med familj och vänner till oss i naturen och ... Read More" />
<meta property="og:url" content="https://hellasgarden.se/en/events/fjarde-advent/" />
<meta property="og:site_name" content="Hellasgården" />
<meta property="article:modified_time" content="2024-12-13T10:18:42+00:00" />
<meta property="og:image" content="https://hellasgarden.se/wp-content/uploads/2024/11/forsta-advent.webp" />
	<meta property="og:image:width" content="1280" />
	<meta property="og:image:height" content="996" />
	<meta property="og:image:type" content="image/webp" />
<meta name="twitter:card" content="summary_large_image" />
<meta name="twitter:label1" content="Estimated reading time" />
	<meta name="twitter:data1" content="1 minute" />
<script type="application/ld+json" class="yoast-schema-graph">{"@context":"https://schema.org","@graph":[{"@type":"WebPage","@id":"https://hellasgarden.se/events/fjarde-advent/","url":"https://hellasgarden.se/events/fjarde-advent/","name":"Fjärde advent! - Hellasgården","isPartOf":{"@id":"https://hellasgarden.se/#website"},"datePublished":"2024-11-11T12:37:10+00:00","dateModified":"2024-12-13T10:18:42+00:00","breadcrumb":{"@id":"https://hellasgarden.se/events/fjarde-advent/#breadcrumb"},"inLanguage":"en-GB","potentialAction":[{"@type":"ReadAction","target":["https://hellasgarden.se/events/fjarde-advent/"]}]},{"@type":"BreadcrumbList","@id":"https://hellasgarden.se/events/fjarde-advent/#breadcrumb","itemListElement":[{"@type":"ListItem","position":1,"name":"Hem","item":"https://hellasgarden.se/"},{"@type":"ListItem","position":2,"name":"Événements","item":"https://hellasgarden.se/fr/events/"},{"@type":"ListItem","position":3,"name":"Fjärde advent!"}]},{"@type":"WebSite","@id":"https://hellasgarden.se/#website","url":"https://hellasgarden.se/","name":"Hellasgården","description":"Din port till naturen","potentialAction":[{"@type":"SearchAction","target":{"@type":"EntryPoint","urlTemplate":"https://hellasgarden.se/?s={search_term_string}"},"query-input":"required name=search_term_string"}],"inLanguage":"en-GB"}]}</script>
<!-- / Yoast SEO plugin. -->

Fjärde advent! - Hellasgården

22 december är det fjärde advent och vi på hellasgården vill välkomna dig till att tillbringa den dagen med oss. Ta med familj och vänner till oss i naturen och ... Read More

Hellasgården

Événements

Fjärde advent!
